{"id":4,"date":"2023-03-21T18:32:51","date_gmt":"2023-03-21T18:32:51","guid":{"rendered":"http:\/\/stadtsportverband-viersen.de\/?page_id=4"},"modified":"2024-06-18T07:36:00","modified_gmt":"2024-06-18T07:36:00","slug":"willkommen-auf-http-stadtsportverband-viersen-de","status":"publish","type":"page","link":"https:\/\/stadtsportverband-viersen.de\/","title":{"rendered":"Startseite"},"content":{"rendered":"\n<h2 class=\"has-button-color-color has-text-color\">Anschrift<\/h2>\n\n\n\n<div class=\"is-vertical is-layout-flex wp-container-2 wp-block-group\">\n<h2 class=\"has-text-color\" style=\"color:#099e18\">Stadtsportverband Viersen e.V.<\/h2>\n\n\n\n<div class=\"is-vertical is-layout-flex wp-container-1 wp-block-group\">\n<h3>Gesch\u00e4ftsstelle<\/h3>\n\n\n\n<h3>Willy-Brandt-Ring 40<\/h3>\n\n\n\n<h3>41747 Viersen<\/h3>\n\n\n\n<h3>Tel.: 02162\/5307721<\/h3>\n\n\n\n<h3 class=\"has-button-color-color has-text-color\">Mail: info@stadtsportverband-viersen.de <\/h3>\n\n\n\n<h3 class=\"has-button-color-color has-text-color\">Website: <a href=\"http:\/\/stadtsportverband-viersen.de\/?page_id=46\" data-type=\"page\" data-id=\"46\">www.stadtsportverband-viersen.de<\/a><\/h3>\n\n\n\n<p><\/p>\n\n\n\n<p><\/p>\n<\/div>\n<\/div>\n\n\n\n<h1><\/h1>\n\n\n\n<div class=\"is-vertical is-layout-flex wp-container-3 wp-block-group\">\n<h2 class=\"has-text-align-left has-button-color-color has-text-color\">Aktuelles<\/h2>\n<\/div>\n\n\n\n<div class=\"is-vertical is-layout-flex wp-container-4 wp-block-group\">\n<h1 class=\"has-text-color\" style=\"color:#cc3333\">Sportplatz Viersen (8. bis 13.07.2024)<\/h1>\n\n\n\n<p><\/p>\n<\/div>\n\n\n\n<div class=\"is-vertical is-layout-flex wp-container-5 wp-block-group\">\n<figure class=\"wp-block-image size-large\"><img fetchpriority=\"high\" decoding=\"async\" width=\"1024\" height=\"768\" src=\"https:\/\/stadtsportverband-viersen.de\/wp-content\/uploads\/2024\/06\/Pressekonferenz-1024x768.jpg\" alt=\"\" class=\"wp-image-1291\" srcset=\"https:\/\/stadtsportverband-viersen.de\/wp-content\/uploads\/2024\/06\/Pressekonferenz-1024x768.jpg 1024w, https:\/\/stadtsportverband-viersen.de\/wp-content\/uploads\/2024\/06\/Pressekonferenz-300x225.jpg 300w, https:\/\/stadtsportverband-viersen.de\/wp-content\/uploads\/2024\/06\/Pressekonferenz-768x576.jpg 768w, https:\/\/stadtsportverband-viersen.de\/wp-content\/uploads\/2024\/06\/Pressekonferenz-100x75.jpg 100w, https:\/\/stadtsportverband-viersen.de\/wp-content\/uploads\/2024\/06\/Pressekonferenz-150x113.jpg 150w, https:\/\/stadtsportverband-viersen.de\/wp-content\/uploads\/2024\/06\/Pressekonferenz-200x150.jpg 200w, https:\/\/stadtsportverband-viersen.de\/wp-content\/uploads\/2024\/06\/Pressekonferenz-450x338.jpg 450w, https:\/\/stadtsportverband-viersen.de\/wp-content\/uploads\/2024\/06\/Pressekonferenz-600x450.jpg 600w, https:\/\/stadtsportverband-viersen.de\/wp-content\/uploads\/2024\/06\/Pressekonferenz-900x675.jpg 900w, https:\/\/stadtsportverband-viersen.de\/wp-content\/uploads\/2024\/06\/Pressekonferenz.jpg 1100w\" sizes=\"(max-width: 1024px) 100vw, 1024px\" \/><\/figure>\n\n\n\n<h3 class=\"has-responsive-container-background-color-color has-text-color\">V<strong>ertreter von acht Sportvereinen aus dem Stadtgebiet, Beigeordneter Ertun\u00e7 Deniz (5.v.r.) und Frank Schiffers (r.), Vize-Vorsitzender vom Stadtsportverband, stellten das Programm der \u201eSportwoche 2024&#8243; vor.<\/strong><\/h3>\n<\/div>\n\n\n\n<h2 class=\"has-text-color\" style=\"color:#c31b1e\"><strong>Stadtsportverband und Stadt laden ein<\/strong><\/h2>\n\n\n\n<h2 class=\"has-text-color\" style=\"color:#cc354e\"><strong>Sommerferien-Angebot in Viersen<\/strong><\/h2>\n\n\n\n<h2 class=\"has-button-color-color has-text-color\"><strong><strong>Mit Gratis-Schnupperangeboten Menschen in Bewegung bringen: Das wollen acht Sportvereine, die Stadt und der Stadtsportverband erreichen. Bei der Sportwoche 2024 werden Hunderte erwartet. Was sie bietet<\/strong><\/strong>.<\/h2>\n\n\n\n<h2 class=\"has-text-color\" style=\"color:#cc0022e6\"><strong>Welche Gratis-Angebote sind geplant?<\/strong><\/h2>\n\n\n\n<h3 class=\"has-button-color-color has-text-color\">Insgesamt bieten die Vereine 38 unterschiedliche Trainingsangebote an den acht Tagen der Sportwoche an. Dazu kommen vier \u201eSportlersprechstunden\u201c von Stadtverwaltung und Stadtsportverband.<\/h3>\n\n\n\n<h2 class=\"has-text-color\" style=\"color:#cb2f53\"><strong>Boule<\/strong>&nbsp;<\/h2>\n\n\n\n<h3 class=\"has-button-color-color has-text-color\">Das bietet der P\u00e9ntaque Club am Sonntag, 7. Juli, 11 bis 14 Uhr im Casinogarten Viersen, am Montag, 8. Juli, 17.30 bis 20 Uhr, im Stadtgarten D\u00fclken, am Mittwoch von 17 bis 21 Uhr im \u201ealten Tierpark\u201c in S\u00fcchteln und am Freitag, 12. Juli, 17 bis 20 Uhr, in Boisheim an der&nbsp;<a href=\"https:\/\/rp-online.de\/thema\/gruenflaeche\/\">Gr\u00fcnfl\u00e4che<\/a>&nbsp;am \u201eDorvladen\u201c.<\/h3>\n\n\n\n<h2 class=\"has-text-color\" style=\"color:#cc001c\"><strong>Eltern-Kind-Turnen<\/strong>&nbsp;<\/h2>\n\n\n\n<h3 class=\"has-button-color-color has-text-color\">Auszuprobieren beim TV Helenabrunn am Montag, 8. Juli, von 15 bis 16 Uhr auf dem Rathausmarkt.<\/h3>\n\n\n\n<h2 class=\"has-text-color\" style=\"color:#cc002a\"><strong>Fitness<\/strong>&nbsp;<\/h2>\n\n\n\n<h3 class=\"has-button-color-color has-text-color\">Ein ganzheitliches Fitness-Angebot f\u00fcr Erwachsene unterbreitet die LG Viersen am Dienstag, 9. Juli, von 19 bis 20 Uhr im Casinogarten Viersen. Speziell alle ab 30 Jahre k\u00f6nnen ein Schnuppertraining nutzen am Donnerstag, 11. Juli, 19 bis 20.30 Uhr, im Casinogarten.<\/h3>\n\n\n\n<h2 class=\"has-text-color\" style=\"color:#cc0031\"><strong>Fu\u00dfball<\/strong><\/h2>\n\n\n\n<h3 class=\"has-button-color-color has-text-color\">Der SC Rahser l\u00e4dt Kinder und Jugendliche zum Fu\u00dfball ein f\u00fcr Dienstag, 9. Juli, 17 bis 19 Uhr, im Casinogarten in Viersen.<\/h3>\n\n\n\n<h2 class=\"has-text-color\" style=\"color:#cc0038\"><strong>Gymnastik&nbsp;f\u00fcr Erwachsene<\/strong>&nbsp;<\/h2>\n\n\n\n<h3 class=\"has-button-color-color has-text-color\">ASV-Angebot am Samstag, 6. Juli, von 11 bis 12 Uhr, und am Freitag, 13. Juli, 17 bis 18 Uhr, jeweils im \u201eAlten Tierpark\u201c in S\u00fcchteln.<\/h3>\n\n\n\n<h2 class=\"has-text-color\" style=\"color:#cc0015\"><strong>Judo<\/strong>&nbsp;<\/h2>\n\n\n\n<h3 class=\"has-button-color-color has-text-color\">Der ASV S\u00fcchteln plant Judo f\u00fcr Samstag, 6. Juli, von 15 bis 18 Uhr im Stadtgarten D\u00fclken und von 15 bis 17 Uhr in Boisheim an der Gr\u00fcnfl\u00e4che am \u201eDorvladen\u201c, am Montag, 8. Juli, von 17 bis 18.30 Uhr im Casinogarten in Viersen und am Mittwoch, 10. Juli, von 17 bis 18.30 Uhr auf dem Lindenplatz in S\u00fcchteln.<\/h3>\n\n\n\n<h2 class=\"has-text-color\" style=\"color:#cc002a\"><strong>Kibaz<\/strong>&nbsp;<\/h2>\n\n\n\n<h3 class=\"has-button-color-color has-text-color\">Mehr zum Kinderbewegungsabzeichen (Kibaz) ist zu erfahren bei der LG Viersen am Montag, 8. Juli, von 16 bis 17.30 Uhr am Rathausmarkt.<\/h3>\n\n\n\n<h2 class=\"has-text-color\" style=\"color:#cc0015\"><strong>Kickboxen\/Hap<\/strong>&nbsp;<strong>Ki&nbsp;Do<\/strong>&nbsp;<\/h2>\n\n\n\n<h3 class=\"has-button-color-color has-text-color\">Zu testen bei der KSG am Montag, 8. Juli, von 19 bis 20 Uhr, am Rathausmarkt in Viersen, am Dienstag, 9. Juli, von 19 bis 20 Uhr, am Lindenplatz in S\u00fcchteln, am Mittwoch, 10. Juli, 19 bis 20 Uhr an der Melcherstiege in D\u00fclken und am Donnerstag, 11. Juli, 19 bis 20 Uhr, an der Gr\u00fcnfl\u00e4che am \u201eDovladen\u201c in Boisheim.<\/h3>\n\n\n\n<h2 class=\"has-text-color\" style=\"color:#cc0015\"><strong>Kinderturnen<\/strong>&nbsp;<\/h2>\n\n\n\n<h3 class=\"has-button-color-color has-text-color\">Mitmachen kann man beim ASV am Montag, 8. Juli, und am Donnerstag, 11. Juli, jeweils von 11 bis 12.30 Uhr, am Lindenplatz in S\u00fcchteln. Der TV Helenabrunn plant f\u00fcr Dienstag, 9. Juli, 15 bis 16 Uhr, \u201eTurnen f\u00fcr Vorsch\u00fcler\u201c am Rathausmarkt in Viersen.<\/h3>\n\n\n\n<h2 class=\"has-text-color\" style=\"color:#cc001c\"><strong>Nordic&nbsp;Walking<\/strong>&nbsp;<\/h2>\n\n\n\n<h3 class=\"has-button-color-color has-text-color\">Mehr dar\u00fcber zu erfahren ist bei der LG am Montag, 8. Juli, von 18 bis 19.30 Uhr im Stadtgarten D\u00fclken, am Dienstag, 9. Juli, von 18 bis 19.30 Uhr im Casinogarten in Viersen und am Mittwoch, 10. Juli, von 18 bis 19.30 Uhr im Stadtgarten D\u00fclken. Au\u00dferdem kann man beim TV Helenabrunn zu den Walkingst\u00f6cken greifen: am Mittwoch, 10. Juli, von 9 bis 10 Uhr am Casinogarten in Viersen.<\/h3>\n\n\n\n<h2 class=\"has-text-color\" style=\"color:#cc0023\"><strong>Ortho-Reha-Sport<\/strong>&nbsp;<\/h2>\n\n\n\n<h3 class=\"has-button-color-color has-text-color\">Terminiert auf Montag, 8. Juli, von 18 bis 19 Uhr im Casinogarten, und auf Mittwoch, 10. Juli, von 18 bis 19 Uhr im \u201eAlten Tierpark\u201c in S\u00fcchteln, beides beim TV Helenabrunn.<\/h3>\n\n\n\n<h2 class=\"has-text-color\" style=\"color:#cc0015\"><strong>Schach<\/strong>&nbsp;<\/h2>\n\n\n\n<h3 class=\"has-button-color-color has-text-color\">Am Rathausmarkt k\u00f6nnen auf den dortigen aufgemalten Schachbrettern auch gro\u00dfe Figuren gezogen werden. Die Schachabteilung des SV Blau-Wei\u00df Concordia l\u00e4dt Interessierte dazu ein f\u00fcr Dienstag, 9. Juli, 15 bis 18 Uhr.<\/h3>\n\n\n\n<h2 class=\"has-text-color\" style=\"color:#c9090f\"><strong>Seniorensport<\/strong>&nbsp;<\/h2>\n\n\n\n<h3 class=\"has-button-color-color has-text-color\">Dazu laden Mitglieder des TV Helenabrunn ein f\u00fcr Mittwoch, 10. Juli, von 19 bis 20 Uhr. Treffpunkt ist der Viersener Casinogarten.<\/h3>\n\n\n\n<h2 class=\"has-text-color\" style=\"color:#cc003f\"><strong>Taekwon\u00a0Do<\/strong>\u00a0<\/h2>\n\n\n\n<h3 class=\"has-button-color-color has-text-color\">Kennenlern-Angebot vom KSG Oh-Do-Kwan am Montag, 8. Juli, 18 bis 19 Uhr, Rathausmarkt in Viersen, am Dienstag, 9. Juli, 18 bis 19 Uhr auf dem Lindenplatz in S\u00fcchteln, am Mittwoch, 10. Juli, 18 bis 19 Uhr an der Melcherstiege in D\u00fclken und am Donnerstag, 11. Juli, 18 bis 19 Uhr, am \u201eDorvladen\u201c in Boisheim<\/h3>\n\n\n\n<h2 class=\"has-text-color\" style=\"color:#cc002a\"><strong>Tanzen<\/strong>&nbsp;<\/h2>\n\n\n\n<h3 class=\"has-button-color-color has-text-color\">Line Dance, Discofox Standard\/Latein kann man ausprobieren beim Tanzsportverein am Samstag, 6. Juli, und am Samstag, 13. Juli, jeweils von 11 bis 14 Uhr, am Rathausmarkt Viersen.<\/h3>\n\n\n\n<h2 class=\"has-text-color\" style=\"color:#cc0031\"><strong>Trampolin<\/strong>&nbsp;<\/h2>\n\n\n\n<h3 class=\"has-button-color-color has-text-color\">Ein wenig abheben ist m\u00f6glich mit dem Trampolin-Angebot des ASV S\u00fcchteln am Dienstag, 9. Juli, und am Freitag, 12. Juli, jeweils von 17 bis 18.30 Uhr, im \u201eAlten Tierpark\u201c in S\u00fcchteln.<\/h3>\n\n\n\n<p><\/p>\n\n\n\n<h2 class=\"has-text-color\" style=\"color:#3c4946e3\"><strong>Sportlersprechstunden<\/strong>\u00a0<\/h2>\n\n\n\n<h3 class=\"has-button-color-color has-text-color\">Vier Mal bieten der Stadtsportverband und die Stadtverwaltung diese an: am Dienstag, 9. Juli, von 16 bis 16.45 Uhr am Rathausmarkt Viersen und von 17 bis 17.45 Uhr im \u201eAlten Tierpark\u201c in S\u00fcchteln sowie am Donnerstag, 11. Juli, 16 bis 16.45 Uhr an der Melcherstiege in D\u00fclken und von 17 bis 17.45 Uhr an der Gr\u00fcnfl\u00e4che am \u201eDorvladen\u201c in Boisheim. Dabei sollen, so die Stadt, alle, die an den Sportangeboten teilnehmen, und die Vereine pers\u00f6nlich Kontakt mit der st\u00e4dtischen Sportverwaltung und mit Frank Schiffers vom Stadtsportverband aufnehmen k\u00f6nnen, um Fragen zu stellen oder Anliegen vorzutragen.<\/h3>\n\n\n\n<h2 class=\"has-text-color\" style=\"color:#395e48\"><strong>Was ist noch wichtig?<\/strong><\/h2>\n\n\n\n<h3 class=\"has-button-color-color has-text-color\">Alle Angebote sind gratis, eine Vorab-Anmeldung ist nicht n\u00f6tig. Wer vorab Fragen zu geeigneter Kleidung oder zum Umgang mit dem Wetter hat, kann die Vereinsverantwortlichen \u00fcber die jeweiligen Web-Auftritte kontaktieren. Empfohlen wird, bequeme Sportkleidung zu tragen sowie ein Handtuch und ein Getr\u00e4nk mitzubringen.<\/h3>\n","protected":false},"excerpt":{"rendered":"<p>Anschrift Aktuelles Sportplatz Viersen (8. bis 13.07.2024) Vertreter von acht Sportvereinen aus dem Stadtgebiet, Beigeordneter Ertun\u00e7 Deniz (5.v.r.) und Frank Schiffers (r.), Vize-Vorsitzender vom Stadtsportverband, stellten das Programm der \u201eSportwoche 2024&#8243; vor. Stadtsportverband und Stadt laden ein Sommerferien-Angebot in Viersen &hellip;<\/p>\n<p class=\"read-more\"> <a class=\"more-link\" href=\"https:\/\/stadtsportverband-viersen.de\/\"> <span class=\"screen-reader-text\">Startseite<\/span> Read More &raquo;<\/a><\/p>\n","protected":false},"author":1,"featured_media":0,"parent":0,"menu_order":0,"comment_status":"closed","ping_status":"closed","template":"","meta":[],"_links":{"self":[{"href":"https:\/\/stadtsportverband-viersen.de\/index.php?rest_route=\/wp\/v2\/pages\/4"}],"collection":[{"href":"https:\/\/stadtsportverband-viersen.de\/index.php?rest_route=\/wp\/v2\/pages"}],"about":[{"href":"https:\/\/stadtsportverband-viersen.de\/index.php?rest_route=\/wp\/v2\/types\/page"}],"author":[{"embeddable":true,"href":"https:\/\/stadtsportverband-viersen.de\/index.php?rest_route=\/wp\/v2\/users\/1"}],"replies":[{"embeddable":true,"href":"https:\/\/stadtsportverband-viersen.de\/index.php?rest_route=%2Fwp%2Fv2%2Fcomments&post=4"}],"version-history":[{"count":23,"href":"https:\/\/stadtsportverband-viersen.de\/index.php?rest_route=\/wp\/v2\/pages\/4\/revisions"}],"predecessor-version":[{"id":1294,"href":"https:\/\/stadtsportverband-viersen.de\/index.php?rest_route=\/wp\/v2\/pages\/4\/revisions\/1294"}],"wp:attachment":[{"href":"https:\/\/stadtsportverband-viersen.de\/index.php?rest_route=%2Fwp%2Fv2%2Fmedia&parent=4"}],"curies":[{"name":"wp","href":"https:\/\/api.w.org\/{rel}","templated":true}]}}